{"id":3,"date":"2024-07-25T10:35:39","date_gmt":"2024-07-25T08:35:39","guid":{"rendered":"https:\/\/www.tendance-ecolo-btob.fr\/?page_id=3"},"modified":"2024-09-30T09:51:07","modified_gmt":"2024-09-30T07:51:07","slug":"politique-de-confidentialite","status":"publish","type":"page","link":"https:\/\/www.tendance-ecolo-btob.fr\/index.php\/politique-de-confidentialite\/","title":{"rendered":"Politique de confidentialit\u00e9"},"content":{"rendered":"\n<p>Le site <a href=\"https:\/\/www.tendance-ecolo-btob.fr\/\">https:\/\/www.tendance-ecolo-btob.fr\/<\/a>, d\u00e9tenu par SARL Tendance Ecolo, traite les donn\u00e9es de ses utilisateurs conform\u00e9ment \u00e0 la pr\u00e9sente politique de confidentialit\u00e9.<\/p>\n\n\n\n<h2 class=\"wp-block-heading\"><strong>D\u00c9FINITIONS<\/strong><\/h2>\n\n\n\n<div style=\"height:21px\" aria-hidden=\"true\" class=\"wp-block-spacer\"><\/div>\n\n\n\n<ul class=\"wp-block-list\">\n<li><strong>Donn\u00e9es personnelles<\/strong> : toute information se rapportant \u00e0 une personne physique identifi\u00e9e ou identifiable, directement ou indirectement.<br><a href=\"https:\/\/www.cnil.fr\/fr\/definition\/donnee-personnelle\">Plus d&rsquo;infos sur la CNIL<\/a><\/li>\n\n\n\n<li><strong>Cookie<\/strong> : petit fichier stock\u00e9 par un serveur dans le terminal (ordinateur, t\u00e9l\u00e9phone, etc.) d\u2019un utilisateur et associ\u00e9 \u00e0 un domaine web. Ce fichier est automatiquement renvoy\u00e9 lors de contacts ult\u00e9rieurs avec le m\u00eame domaine.<br><a href=\"https:\/\/www.cnil.fr\/fr\/definition\/cookie\">Plus d&rsquo;infos sur la CNIL<\/a><\/li>\n<\/ul>\n\n\n\n<h2 class=\"wp-block-heading\"><strong>COLLECTE, GESTION ET S\u00c9CURIT\u00c9 DES DONN\u00c9ES<\/strong><\/h2>\n\n\n\n<div style=\"height:21px\" aria-hidden=\"true\" class=\"wp-block-spacer\"><\/div>\n\n\n\n<ul class=\"wp-block-list\">\n<li>de la navigation sur le site (cookies) ;<\/li>\n\n\n\n<li>d\u2019une prise de contact via le formulaire.<\/li>\n<\/ul>\n\n\n\n<p>Les informations pouvant \u00eatre collect\u00e9es sont celles relatives aux renseignements permettant d\u2019identifier et de contacter l\u2019utilisateur, c\u2019est-\u00e0-dire les coordonn\u00e9es :<\/p>\n\n\n\n<ul class=\"wp-block-list\">\n<li>Nom et Pr\u00e9nom ;<\/li>\n\n\n\n<li>Soci\u00e9t\u00e9 ;<\/li>\n\n\n\n<li>T\u00e9l\u00e9phone ;<\/li>\n\n\n\n<li>E-mail.<\/li>\n<\/ul>\n\n\n\n<p>Les donn\u00e9es personnelles sont conserv\u00e9es jusqu\u2019\u00e0 la demande de suppression effectu\u00e9e par l\u2019utilisateur ou jusqu\u2019\u00e0 trois ans \u00e0 compter du dernier contact pris par l\u2019utilisateur.<\/p>\n\n\n\n<p>Toutes les donn\u00e9es personnelles collect\u00e9es sont prot\u00e9g\u00e9es gr\u00e2ce au certificat usuel de connexion s\u00e9curis\u00e9e SSL (Secure Socket Layer). Les mesures de s\u00e9curit\u00e9 sont r\u00e9guli\u00e8rement r\u00e9vis\u00e9es afin de garantir une protection contre toute manipulation, vol et perte partielle ou totale.<\/p>\n\n\n\n<h2 class=\"wp-block-heading\"><strong>DROIT D\u2019ACC\u00c8S ET DE SUPPRESSION DES DONN\u00c9ES PERSONNELLES<\/strong><\/h2>\n\n\n\n<div style=\"height:21px\" aria-hidden=\"true\" class=\"wp-block-spacer\"><\/div>\n\n\n\n<p>Conform\u00e9ment aux dispositions de la loi 78-17 du 6 janvier 1978 modifi\u00e9e, l\u2019utilisateur dispose d\u2019un droit d\u2019acc\u00e8s aux informations collect\u00e9es par le site <a href=\"https:\/\/www.tendance-ecolo-btob.fr\/\">https:\/\/www.tendance-ecolo-btob.fr\/<\/a> et peut demander \u00e0 tout moment :<\/p>\n\n\n\n<ul class=\"wp-block-list\">\n<li>la modification de ses donn\u00e9es ;<\/li>\n\n\n\n<li>la rectification de donn\u00e9es erron\u00e9es ;<\/li>\n\n\n\n<li>la suppression de donn\u00e9es existantes.<\/li>\n<\/ul>\n\n\n\n<p>Pour exercer ce droit, l\u2019utilisateur doit envoyer un message \u00e0 l\u2019adresse suivante : contact@tendance-ecolo.fr<\/p>\n\n\n\n<h2 class=\"wp-block-heading\"><strong>UTILISATION DE COOKIES<\/strong><\/h2>\n\n\n\n<div style=\"height:21px\" aria-hidden=\"true\" class=\"wp-block-spacer\"><\/div>\n\n\n\n<p>Ce site n\u2019utilise actuellement aucun cookie n\u00e9cessitant votre consentement, uniquement ceux n\u00e9cessaires \u00e0 son bon fonctionnement, permettant de :<\/p>\n\n\n\n<ul class=\"wp-block-list\">\n<li>Conserver le choix exprim\u00e9 par les utilisateurs sur le d\u00e9p\u00f4t de cookies ;<\/li>\n\n\n\n<li>Mesurer l\u2019audience gr\u00e2ce \u00e0 certains traceurs d\u00e8s lors qu\u2019ils respectent les donn\u00e9es personnelles.<\/li>\n<\/ul>\n\n\n\n<p>Votre logiciel de navigation est configurable \u00e0 tout moment afin de param\u00e9trer les cookies ou de vider les caches.<\/p>\n","protected":false},"excerpt":{"rendered":"<p>Le site https:\/\/www.tendance-ecolo-btob.fr\/, d\u00e9tenu par SARL Tendance Ecolo, traite les donn\u00e9es de ses utilisateurs conform\u00e9ment \u00e0 la pr\u00e9sente politique de confidentialit\u00e9. D\u00c9FINITIONS COLLECTE, GESTION ET S\u00c9CURIT\u00c9 DES DONN\u00c9ES Les informations pouvant \u00eatre collect\u00e9es sont celles relatives aux renseignements permettant d\u2019identifier et de contacter l\u2019utilisateur, c\u2019est-\u00e0-dire les coordonn\u00e9es : Les donn\u00e9es personnelles sont conserv\u00e9es jusqu\u2019\u00e0 la [&hellip;]<\/p>\n","protected":false},"author":1,"featured_media":0,"parent":0,"menu_order":0,"comment_status":"closed","ping_status":"open","template":"","meta":{"content-type":"","footnotes":""},"class_list":["post-3","page","type-page","status-publish","hentry"],"yoast_head":"<!-- This site is optimized with the Yoast SEO plugin v27.1.1 - https:\/\/yoast.com\/product\/yoast-seo-wordpress\/ -->\n<title>Politique de confidentialit\u00e9 - Tendance Ecolo B2B<\/title>\n<meta name=\"robots\" content=\"index, follow, max-snippet:-1, max-image-preview:large, max-video-preview:-1\" \/>\n<link rel=\"canonical\" href=\"https:\/\/www.tendance-ecolo-btob.fr\/index.php\/politique-de-confidentialite\/\" \/>\n<meta property=\"og:locale\" content=\"fr_FR\" \/>\n<meta property=\"og:type\" content=\"article\" \/>\n<meta property=\"og:title\" content=\"Politique de confidentialit\u00e9 - Tendance Ecolo B2B\" \/>\n<meta property=\"og:description\" content=\"Le site https:\/\/www.tendance-ecolo-btob.fr\/, d\u00e9tenu par SARL Tendance Ecolo, traite les donn\u00e9es de ses utilisateurs conform\u00e9ment \u00e0 la pr\u00e9sente politique de confidentialit\u00e9. D\u00c9FINITIONS COLLECTE, GESTION ET S\u00c9CURIT\u00c9 DES DONN\u00c9ES Les informations pouvant \u00eatre collect\u00e9es sont celles relatives aux renseignements permettant d\u2019identifier et de contacter l\u2019utilisateur, c\u2019est-\u00e0-dire les coordonn\u00e9es : Les donn\u00e9es personnelles sont conserv\u00e9es jusqu\u2019\u00e0 la [&hellip;]\" \/>\n<meta property=\"og:url\" content=\"https:\/\/www.tendance-ecolo-btob.fr\/index.php\/politique-de-confidentialite\/\" \/>\n<meta property=\"og:site_name\" content=\"Tendance Ecolo B2B\" \/>\n<meta property=\"article:modified_time\" content=\"2024-09-30T07:51:07+00:00\" \/>\n<meta name=\"twitter:card\" content=\"summary_large_image\" \/>\n<meta name=\"twitter:label1\" content=\"Dur\u00e9e de lecture estim\u00e9e\" \/>\n\t<meta name=\"twitter:data1\" content=\"2 minutes\" \/>\n<script type=\"application\/ld+json\" class=\"yoast-schema-graph\">{\"@context\":\"https:\/\/schema.org\",\"@graph\":[{\"@type\":\"WebPage\",\"@id\":\"https:\/\/www.tendance-ecolo-btob.fr\/index.php\/politique-de-confidentialite\/\",\"url\":\"https:\/\/www.tendance-ecolo-btob.fr\/index.php\/politique-de-confidentialite\/\",\"name\":\"Politique de confidentialit\u00e9 - Tendance Ecolo B2B\",\"isPartOf\":{\"@id\":\"https:\/\/www.tendance-ecolo-btob.fr\/#website\"},\"datePublished\":\"2024-07-25T08:35:39+00:00\",\"dateModified\":\"2024-09-30T07:51:07+00:00\",\"breadcrumb\":{\"@id\":\"https:\/\/www.tendance-ecolo-btob.fr\/index.php\/politique-de-confidentialite\/#breadcrumb\"},\"inLanguage\":\"fr-FR\",\"potentialAction\":[{\"@type\":\"ReadAction\",\"target\":[\"https:\/\/www.tendance-ecolo-btob.fr\/index.php\/politique-de-confidentialite\/\"]}]},{\"@type\":\"BreadcrumbList\",\"@id\":\"https:\/\/www.tendance-ecolo-btob.fr\/index.php\/politique-de-confidentialite\/#breadcrumb\",\"itemListElement\":[{\"@type\":\"ListItem\",\"position\":1,\"name\":\"Accueil\",\"item\":\"https:\/\/www.tendance-ecolo-btob.fr\/\"},{\"@type\":\"ListItem\",\"position\":2,\"name\":\"Politique de confidentialit\u00e9\"}]},{\"@type\":\"WebSite\",\"@id\":\"https:\/\/www.tendance-ecolo-btob.fr\/#website\",\"url\":\"https:\/\/www.tendance-ecolo-btob.fr\/\",\"name\":\"Tendance Ecolo B2B\",\"description\":\"\",\"potentialAction\":[{\"@type\":\"SearchAction\",\"target\":{\"@type\":\"EntryPoint\",\"urlTemplate\":\"https:\/\/www.tendance-ecolo-btob.fr\/?s={search_term_string}\"},\"query-input\":{\"@type\":\"PropertyValueSpecification\",\"valueRequired\":true,\"valueName\":\"search_term_string\"}}],\"inLanguage\":\"fr-FR\"}]}<\/script>\n<!-- \/ Yoast SEO plugin. -->","yoast_head_json":{"title":"Politique de confidentialit\u00e9 - Tendance Ecolo B2B","robots":{"index":"index","follow":"follow","max-snippet":"max-snippet:-1","max-image-preview":"max-image-preview:large","max-video-preview":"max-video-preview:-1"},"canonical":"https:\/\/www.tendance-ecolo-btob.fr\/index.php\/politique-de-confidentialite\/","og_locale":"fr_FR","og_type":"article","og_title":"Politique de confidentialit\u00e9 - Tendance Ecolo B2B","og_description":"Le site https:\/\/www.tendance-ecolo-btob.fr\/, d\u00e9tenu par SARL Tendance Ecolo, traite les donn\u00e9es de ses utilisateurs conform\u00e9ment \u00e0 la pr\u00e9sente politique de confidentialit\u00e9. D\u00c9FINITIONS COLLECTE, GESTION ET S\u00c9CURIT\u00c9 DES DONN\u00c9ES Les informations pouvant \u00eatre collect\u00e9es sont celles relatives aux renseignements permettant d\u2019identifier et de contacter l\u2019utilisateur, c\u2019est-\u00e0-dire les coordonn\u00e9es : Les donn\u00e9es personnelles sont conserv\u00e9es jusqu\u2019\u00e0 la [&hellip;]","og_url":"https:\/\/www.tendance-ecolo-btob.fr\/index.php\/politique-de-confidentialite\/","og_site_name":"Tendance Ecolo B2B","article_modified_time":"2024-09-30T07:51:07+00:00","twitter_card":"summary_large_image","twitter_misc":{"Dur\u00e9e de lecture estim\u00e9e":"2 minutes"},"schema":{"@context":"https:\/\/schema.org","@graph":[{"@type":"WebPage","@id":"https:\/\/www.tendance-ecolo-btob.fr\/index.php\/politique-de-confidentialite\/","url":"https:\/\/www.tendance-ecolo-btob.fr\/index.php\/politique-de-confidentialite\/","name":"Politique de confidentialit\u00e9 - Tendance Ecolo B2B","isPartOf":{"@id":"https:\/\/www.tendance-ecolo-btob.fr\/#website"},"datePublished":"2024-07-25T08:35:39+00:00","dateModified":"2024-09-30T07:51:07+00:00","breadcrumb":{"@id":"https:\/\/www.tendance-ecolo-btob.fr\/index.php\/politique-de-confidentialite\/#breadcrumb"},"inLanguage":"fr-FR","potentialAction":[{"@type":"ReadAction","target":["https:\/\/www.tendance-ecolo-btob.fr\/index.php\/politique-de-confidentialite\/"]}]},{"@type":"BreadcrumbList","@id":"https:\/\/www.tendance-ecolo-btob.fr\/index.php\/politique-de-confidentialite\/#breadcrumb","itemListElement":[{"@type":"ListItem","position":1,"name":"Accueil","item":"https:\/\/www.tendance-ecolo-btob.fr\/"},{"@type":"ListItem","position":2,"name":"Politique de confidentialit\u00e9"}]},{"@type":"WebSite","@id":"https:\/\/www.tendance-ecolo-btob.fr\/#website","url":"https:\/\/www.tendance-ecolo-btob.fr\/","name":"Tendance Ecolo B2B","description":"","potentialAction":[{"@type":"SearchAction","target":{"@type":"EntryPoint","urlTemplate":"https:\/\/www.tendance-ecolo-btob.fr\/?s={search_term_string}"},"query-input":{"@type":"PropertyValueSpecification","valueRequired":true,"valueName":"search_term_string"}}],"inLanguage":"fr-FR"}]}},"jetpack_sharing_enabled":true,"_links":{"self":[{"href":"https:\/\/www.tendance-ecolo-btob.fr\/index.php\/wp-json\/wp\/v2\/pages\/3","targetHints":{"allow":["GET"]}}],"collection":[{"href":"https:\/\/www.tendance-ecolo-btob.fr\/index.php\/wp-json\/wp\/v2\/pages"}],"about":[{"href":"https:\/\/www.tendance-ecolo-btob.fr\/index.php\/wp-json\/wp\/v2\/types\/page"}],"author":[{"embeddable":true,"href":"https:\/\/www.tendance-ecolo-btob.fr\/index.php\/wp-json\/wp\/v2\/users\/1"}],"replies":[{"embeddable":true,"href":"https:\/\/www.tendance-ecolo-btob.fr\/index.php\/wp-json\/wp\/v2\/comments?post=3"}],"version-history":[{"count":3,"href":"https:\/\/www.tendance-ecolo-btob.fr\/index.php\/wp-json\/wp\/v2\/pages\/3\/revisions"}],"predecessor-version":[{"id":293,"href":"https:\/\/www.tendance-ecolo-btob.fr\/index.php\/wp-json\/wp\/v2\/pages\/3\/revisions\/293"}],"wp:attachment":[{"href":"https:\/\/www.tendance-ecolo-btob.fr\/index.php\/wp-json\/wp\/v2\/media?parent=3"}],"curies":[{"name":"wp","href":"https:\/\/api.w.org\/{rel}","templated":true}]}}