{"id":155,"date":"2024-09-07T09:00:18","date_gmt":"2024-09-07T07:00:18","guid":{"rendered":"https:\/\/www.tendance-ecolo-btob.fr\/?post_type=product&#038;p=155"},"modified":"2026-01-14T17:51:43","modified_gmt":"2026-01-14T16:51:43","slug":"tisaniere-angelica","status":"publish","type":"product","link":"https:\/\/www.tendance-ecolo-btob.fr\/index.php\/product\/tisaniere-angelica\/","title":{"rendered":"Tisani\u00e8re ANGELICA"},"content":{"rendered":"<p><strong>La belle tisani\u00e8re ANGELICA de 300ml<\/strong>, est con\u00e7ue pour dynamiser en 5mn\u00a0toutes vos boissons chaudes, gr\u00e2ce au <strong><a href=\"https:\/\/flaska.fr\/informations\/le-procede-tps\/\">proc\u00e9d\u00e9 TPS<\/a><\/strong>. Elle est adapt\u00e9e \u00e0 recevoir l&rsquo;eau tr\u00e8s chaude pur tout type d&rsquo;infusion. ( max 100\u00b0C)<\/p>\n<p><strong>Info <\/strong>: l&rsquo;eau perd sa structure vivante apr\u00e8s avoir \u00e9t\u00e9 chauff\u00e9e au del\u00e0 de 70\u00b0C, voil\u00e0 pourquoi il est n\u00e9cessaire de redynamiser apr\u00e8s avoir pr\u00e9par\u00e9 la boisson chaude.<\/p>\n<p><strong>-*La restructuration de l\u2019eau par le\u00a0<\/strong><a href=\"https:\/\/flaska.fr\/informations\/le-procede-tps\/\"><strong>proc\u00e9d\u00e9 TPS<\/strong><\/a><strong>\u00a0: Technologie de Programmation du Silicium\u00a0<\/strong>Avec les produits\u00a0<strong>Fla\u0161ka<\/strong>, nous rapprochons la structure vibratoire de l\u2019eau de sa structure originelle, c\u2019est-\u00e0-dire de l\u2019eau de source dans son environnement naturel, \u00e0 sa source. En utilisant le proc\u00e9d\u00e9 TPS, un programme vibratoire compos\u00e9 de diff\u00e9rents types d\u2019informations de la nature est imprim\u00e9 dans le verre des produits\u00a0<strong>Fla\u0161ka<\/strong>.<\/p>\n","protected":false},"excerpt":{"rendered":"<div class=\"flex max-w-full flex-col flex-grow\">\n<div class=\"min-h-[20px] text-message flex w-full flex-col items-end gap-2 whitespace-normal break-words [.text-message+&amp;]:mt-5 overflow-x-auto\" dir=\"auto\" data-message-author-role=\"assistant\" data-message-id=\"247fbf80-db7a-42e8-a237-98e046b89a44\">\n<div class=\"flex w-full flex-col gap-1 empty:hidden first:pt-[3px]\">\n<div class=\"markdown prose w-full break-words dark:prose-invert dark\">\n<div class=\"prod-details__carac prod-carac open\">\n<div class=\"prod-carac__wrapper\">\n<div class=\"prod-carac__desc\">\n<p class=\"prod-carac__title\">Caract\u00e9ristiques<\/p>\n<div class=\"prod-carac__anim\">\n<ul>\n<li>Tisani\u00e8re en verre, programm\u00e9e par le proc\u00e9d\u00e9 TPS<\/li>\n<li>Contenance : 0.3L<\/li>\n<li>Fabriqu\u00e9 en Slov\u00e9nie<\/li>\n<li>Dimensions Tisani\u00e8re Angelica 300ml : hauteur 7cm, diam\u00e8tre 9 cm.<\/li>\n<li>Poids de la Tisani\u00e8re Angelica 300ml : 190g<\/li>\n<li>Entretien : lavage \u00e0 la main, pas de lave-vaisselle<\/li>\n<\/ul>\n<\/div>\n<\/div>\n<\/div>\n<\/div>\n<\/div>\n<\/div>\n<\/div>\n<\/div>\n<div class=\"mt-1 flex gap-3 empty:hidden -ml-2\">\n<div class=\"items-center justify-start rounded-xl p-1 flex\">\n<div class=\"flex items-center\">\n<div class=\"flex items-center pb-0\">\n<div class=\"[&amp;_svg]:h-full [&amp;_svg]:w-full icon-md h-4 w-4\">Code EAN : 3830053624857<\/div>\n<\/div>\n<\/div>\n<\/div>\n<\/div>\n","protected":false},"featured_media":473,"template":"","meta":{"content-type":""},"product_brand":[],"product_cat":[21,60],"product_tag":[],"class_list":{"0":"post-155","1":"product","2":"type-product","3":"status-publish","4":"has-post-thumbnail","6":"product_cat-flaska","7":"product_cat-tisaniere-dynamisante-angelica","9":"first","10":"instock","11":"taxable","12":"shipping-taxable","13":"purchasable","14":"product-type-simple"},"yoast_head":"<!-- This site is optimized with the Yoast SEO plugin v27.1.1 - https:\/\/yoast.com\/product\/yoast-seo-wordpress\/ -->\n<title>Tisani\u00e8re ANGELICA - Tendance Ecolo B2B<\/title>\n<meta name=\"description\" content=\"Tisani\u00e8re Angelica pour dynamiser les boissons chaudes en 5 min gr\u00e2ce au proc\u00e9d\u00e9 TPS. Site d\u00e9di\u00e9 aux professionnels\" \/>\n<meta name=\"robots\" content=\"index, follow, max-snippet:-1, max-image-preview:large, max-video-preview:-1\" \/>\n<link rel=\"canonical\" href=\"https:\/\/www.tendance-ecolo-btob.fr\/index.php\/product\/tisaniere-angelica\/\" \/>\n<meta property=\"og:locale\" content=\"fr_FR\" \/>\n<meta property=\"og:type\" content=\"article\" \/>\n<meta property=\"og:title\" content=\"Tisani\u00e8re ANGELICA - Tendance Ecolo B2B\" \/>\n<meta property=\"og:description\" content=\"Tisani\u00e8re Angelica pour dynamiser les boissons chaudes en 5 min gr\u00e2ce au proc\u00e9d\u00e9 TPS. Site d\u00e9di\u00e9 aux professionnels\" \/>\n<meta property=\"og:url\" content=\"https:\/\/www.tendance-ecolo-btob.fr\/index.php\/product\/tisaniere-angelica\/\" \/>\n<meta property=\"og:site_name\" content=\"Tendance Ecolo B2B\" \/>\n<meta property=\"article:modified_time\" content=\"2026-01-14T16:51:43+00:00\" \/>\n<meta property=\"og:image\" content=\"https:\/\/www.tendance-ecolo-btob.fr\/wp-content\/uploads\/2024\/09\/Design-sans-titre-37.jpg\" \/>\n\t<meta property=\"og:image:width\" content=\"1200\" \/>\n\t<meta property=\"og:image:height\" content=\"1800\" \/>\n\t<meta property=\"og:image:type\" content=\"image\/jpeg\" \/>\n<meta name=\"twitter:card\" content=\"summary_large_image\" \/>\n<meta name=\"twitter:label1\" content=\"Dur\u00e9e de lecture estim\u00e9e\" \/>\n\t<meta name=\"twitter:data1\" content=\"1 minute\" \/>\n<script type=\"application\/ld+json\" class=\"yoast-schema-graph\">{\"@context\":\"https:\/\/schema.org\",\"@graph\":[{\"@type\":\"WebPage\",\"@id\":\"https:\/\/www.tendance-ecolo-btob.fr\/index.php\/product\/tisaniere-angelica\/\",\"url\":\"https:\/\/www.tendance-ecolo-btob.fr\/index.php\/product\/tisaniere-angelica\/\",\"name\":\"Tisani\u00e8re ANGELICA - Tendance Ecolo B2B\",\"isPartOf\":{\"@id\":\"https:\/\/www.tendance-ecolo-btob.fr\/#website\"},\"primaryImageOfPage\":{\"@id\":\"https:\/\/www.tendance-ecolo-btob.fr\/index.php\/product\/tisaniere-angelica\/#primaryimage\"},\"image\":{\"@id\":\"https:\/\/www.tendance-ecolo-btob.fr\/index.php\/product\/tisaniere-angelica\/#primaryimage\"},\"thumbnailUrl\":\"https:\/\/i0.wp.com\/www.tendance-ecolo-btob.fr\/wp-content\/uploads\/2024\/09\/Design-sans-titre-37.jpg?fit=1200%2C1800&ssl=1\",\"datePublished\":\"2024-09-07T07:00:18+00:00\",\"dateModified\":\"2026-01-14T16:51:43+00:00\",\"description\":\"Tisani\u00e8re Angelica pour dynamiser les boissons chaudes en 5 min gr\u00e2ce au proc\u00e9d\u00e9 TPS. Site d\u00e9di\u00e9 aux professionnels\",\"breadcrumb\":{\"@id\":\"https:\/\/www.tendance-ecolo-btob.fr\/index.php\/product\/tisaniere-angelica\/#breadcrumb\"},\"inLanguage\":\"fr-FR\",\"potentialAction\":[{\"@type\":\"ReadAction\",\"target\":[\"https:\/\/www.tendance-ecolo-btob.fr\/index.php\/product\/tisaniere-angelica\/\"]}]},{\"@type\":\"ImageObject\",\"inLanguage\":\"fr-FR\",\"@id\":\"https:\/\/www.tendance-ecolo-btob.fr\/index.php\/product\/tisaniere-angelica\/#primaryimage\",\"url\":\"https:\/\/i0.wp.com\/www.tendance-ecolo-btob.fr\/wp-content\/uploads\/2024\/09\/Design-sans-titre-37.jpg?fit=1200%2C1800&ssl=1\",\"contentUrl\":\"https:\/\/i0.wp.com\/www.tendance-ecolo-btob.fr\/wp-content\/uploads\/2024\/09\/Design-sans-titre-37.jpg?fit=1200%2C1800&ssl=1\",\"width\":1200,\"height\":1800},{\"@type\":\"BreadcrumbList\",\"@id\":\"https:\/\/www.tendance-ecolo-btob.fr\/index.php\/product\/tisaniere-angelica\/#breadcrumb\",\"itemListElement\":[{\"@type\":\"ListItem\",\"position\":1,\"name\":\"Accueil\",\"item\":\"https:\/\/www.tendance-ecolo-btob.fr\/\"},{\"@type\":\"ListItem\",\"position\":2,\"name\":\"Boutique\",\"item\":\"https:\/\/www.tendance-ecolo-btob.fr\/index.php\/boutique\/\"},{\"@type\":\"ListItem\",\"position\":3,\"name\":\"Tisani\u00e8re ANGELICA\"}]},{\"@type\":\"WebSite\",\"@id\":\"https:\/\/www.tendance-ecolo-btob.fr\/#website\",\"url\":\"https:\/\/www.tendance-ecolo-btob.fr\/\",\"name\":\"Tendance Ecolo B2B\",\"description\":\"\",\"potentialAction\":[{\"@type\":\"SearchAction\",\"target\":{\"@type\":\"EntryPoint\",\"urlTemplate\":\"https:\/\/www.tendance-ecolo-btob.fr\/?s={search_term_string}\"},\"query-input\":{\"@type\":\"PropertyValueSpecification\",\"valueRequired\":true,\"valueName\":\"search_term_string\"}}],\"inLanguage\":\"fr-FR\"}]}<\/script>\n<!-- \/ Yoast SEO plugin. -->","yoast_head_json":{"title":"Tisani\u00e8re ANGELICA - Tendance Ecolo B2B","description":"Tisani\u00e8re Angelica pour dynamiser les boissons chaudes en 5 min gr\u00e2ce au proc\u00e9d\u00e9 TPS. Site d\u00e9di\u00e9 aux professionnels","robots":{"index":"index","follow":"follow","max-snippet":"max-snippet:-1","max-image-preview":"max-image-preview:large","max-video-preview":"max-video-preview:-1"},"canonical":"https:\/\/www.tendance-ecolo-btob.fr\/index.php\/product\/tisaniere-angelica\/","og_locale":"fr_FR","og_type":"article","og_title":"Tisani\u00e8re ANGELICA - Tendance Ecolo B2B","og_description":"Tisani\u00e8re Angelica pour dynamiser les boissons chaudes en 5 min gr\u00e2ce au proc\u00e9d\u00e9 TPS. Site d\u00e9di\u00e9 aux professionnels","og_url":"https:\/\/www.tendance-ecolo-btob.fr\/index.php\/product\/tisaniere-angelica\/","og_site_name":"Tendance Ecolo B2B","article_modified_time":"2026-01-14T16:51:43+00:00","og_image":[{"width":1200,"height":1800,"url":"https:\/\/www.tendance-ecolo-btob.fr\/wp-content\/uploads\/2024\/09\/Design-sans-titre-37.jpg","type":"image\/jpeg"}],"twitter_card":"summary_large_image","twitter_misc":{"Dur\u00e9e de lecture estim\u00e9e":"1 minute"},"schema":{"@context":"https:\/\/schema.org","@graph":[{"@type":"WebPage","@id":"https:\/\/www.tendance-ecolo-btob.fr\/index.php\/product\/tisaniere-angelica\/","url":"https:\/\/www.tendance-ecolo-btob.fr\/index.php\/product\/tisaniere-angelica\/","name":"Tisani\u00e8re ANGELICA - Tendance Ecolo B2B","isPartOf":{"@id":"https:\/\/www.tendance-ecolo-btob.fr\/#website"},"primaryImageOfPage":{"@id":"https:\/\/www.tendance-ecolo-btob.fr\/index.php\/product\/tisaniere-angelica\/#primaryimage"},"image":{"@id":"https:\/\/www.tendance-ecolo-btob.fr\/index.php\/product\/tisaniere-angelica\/#primaryimage"},"thumbnailUrl":"https:\/\/i0.wp.com\/www.tendance-ecolo-btob.fr\/wp-content\/uploads\/2024\/09\/Design-sans-titre-37.jpg?fit=1200%2C1800&ssl=1","datePublished":"2024-09-07T07:00:18+00:00","dateModified":"2026-01-14T16:51:43+00:00","description":"Tisani\u00e8re Angelica pour dynamiser les boissons chaudes en 5 min gr\u00e2ce au proc\u00e9d\u00e9 TPS. Site d\u00e9di\u00e9 aux professionnels","breadcrumb":{"@id":"https:\/\/www.tendance-ecolo-btob.fr\/index.php\/product\/tisaniere-angelica\/#breadcrumb"},"inLanguage":"fr-FR","potentialAction":[{"@type":"ReadAction","target":["https:\/\/www.tendance-ecolo-btob.fr\/index.php\/product\/tisaniere-angelica\/"]}]},{"@type":"ImageObject","inLanguage":"fr-FR","@id":"https:\/\/www.tendance-ecolo-btob.fr\/index.php\/product\/tisaniere-angelica\/#primaryimage","url":"https:\/\/i0.wp.com\/www.tendance-ecolo-btob.fr\/wp-content\/uploads\/2024\/09\/Design-sans-titre-37.jpg?fit=1200%2C1800&ssl=1","contentUrl":"https:\/\/i0.wp.com\/www.tendance-ecolo-btob.fr\/wp-content\/uploads\/2024\/09\/Design-sans-titre-37.jpg?fit=1200%2C1800&ssl=1","width":1200,"height":1800},{"@type":"BreadcrumbList","@id":"https:\/\/www.tendance-ecolo-btob.fr\/index.php\/product\/tisaniere-angelica\/#breadcrumb","itemListElement":[{"@type":"ListItem","position":1,"name":"Accueil","item":"https:\/\/www.tendance-ecolo-btob.fr\/"},{"@type":"ListItem","position":2,"name":"Boutique","item":"https:\/\/www.tendance-ecolo-btob.fr\/index.php\/boutique\/"},{"@type":"ListItem","position":3,"name":"Tisani\u00e8re ANGELICA"}]},{"@type":"WebSite","@id":"https:\/\/www.tendance-ecolo-btob.fr\/#website","url":"https:\/\/www.tendance-ecolo-btob.fr\/","name":"Tendance Ecolo B2B","description":"","potentialAction":[{"@type":"SearchAction","target":{"@type":"EntryPoint","urlTemplate":"https:\/\/www.tendance-ecolo-btob.fr\/?s={search_term_string}"},"query-input":{"@type":"PropertyValueSpecification","valueRequired":true,"valueName":"search_term_string"}}],"inLanguage":"fr-FR"}]}},"jetpack_sharing_enabled":true,"_links":{"self":[{"href":"https:\/\/www.tendance-ecolo-btob.fr\/index.php\/wp-json\/wp\/v2\/product\/155","targetHints":{"allow":["GET"]}}],"collection":[{"href":"https:\/\/www.tendance-ecolo-btob.fr\/index.php\/wp-json\/wp\/v2\/product"}],"about":[{"href":"https:\/\/www.tendance-ecolo-btob.fr\/index.php\/wp-json\/wp\/v2\/types\/product"}],"wp:featuredmedia":[{"embeddable":true,"href":"https:\/\/www.tendance-ecolo-btob.fr\/index.php\/wp-json\/wp\/v2\/media\/473"}],"wp:attachment":[{"href":"https:\/\/www.tendance-ecolo-btob.fr\/index.php\/wp-json\/wp\/v2\/media?parent=155"}],"wp:term":[{"taxonomy":"product_brand","embeddable":true,"href":"https:\/\/www.tendance-ecolo-btob.fr\/index.php\/wp-json\/wp\/v2\/product_brand?post=155"},{"taxonomy":"product_cat","embeddable":true,"href":"https:\/\/www.tendance-ecolo-btob.fr\/index.php\/wp-json\/wp\/v2\/product_cat?post=155"},{"taxonomy":"product_tag","embeddable":true,"href":"https:\/\/www.tendance-ecolo-btob.fr\/index.php\/wp-json\/wp\/v2\/product_tag?post=155"}],"curies":[{"name":"wp","href":"https:\/\/api.w.org\/{rel}","templated":true}]}}