{"id":728,"date":"2025-01-23T22:28:10","date_gmt":"2025-01-23T21:28:10","guid":{"rendered":"https:\/\/www.tendance-ecolo-btob.fr\/?post_type=product&#038;p=728"},"modified":"2025-10-07T16:55:43","modified_gmt":"2025-10-07T14:55:43","slug":"kit-kefir-14l-blanc","status":"publish","type":"product","link":"https:\/\/www.tendance-ecolo-btob.fr\/index.php\/product\/kit-kefir-14l-blanc\/","title":{"rendered":"Kit k\u00e9fir 1,4L Blanc"},"content":{"rendered":"<p>Le <strong>Kefir Fermenter 1,4L<\/strong> est un fermenteur de grande capacit\u00e9, id\u00e9al pour ceux qui souhaitent pr\u00e9parer des quantit\u00e9s plus importantes de k\u00e9fir maison. Fabriqu\u00e9 en verre de haute qualit\u00e9, ce bocal est sp\u00e9cialement con\u00e7u pour faciliter le processus de fermentation naturelle de cette boisson riche en probiotiques. Avec une capacit\u00e9 de 1,4 litre, il vous permet de produire suffisamment de k\u00e9fir pour toute la famille ou pour prolonger votre consommation quotidienne. Son couvercle herm\u00e9tique garantit une fermentation s\u00fbre et efficace, pr\u00e9servant toutes les propri\u00e9t\u00e9s b\u00e9n\u00e9fiques des micro-organismes vivants. Ce fermenter est facile \u00e0 utiliser, \u00e0 nettoyer et \u00e0 manipuler, ce qui en fait un outil indispensable pour les amateurs de boissons ferment\u00e9es. Cr\u00e9ez du k\u00e9fir savoureux, sain et naturel en quelques \u00e9tapes simples et profitez des nombreux bienfaits pour votre sant\u00e9, notamment une meilleure digestion et un renforcement du syst\u00e8me immunitaire.<\/p>\n","protected":false},"excerpt":{"rendered":"<p>Le <strong>kit K\u00e9fir 1,4L<\/strong> est un bocal en verre de grande capacit\u00e9 pour fermenter du k\u00e9fir naturellement \u00e0 la maison, avec un couvercle sp\u00e9cifique pour une fermentation s\u00e9curis\u00e9e et contr\u00f4l\u00e9e !<\/p>\n<p>Accessoires inclus dans le kit : cuill\u00e8re \u00e0 fente , presse agrumes et manuel d&rsquo;utilisation.<\/p>\n<p>Existe avec couvercle vert, blanc et rose .<\/p>\n<p>Permet de r\u00e9aliser du k\u00e9fir d&rsquo;eau, k\u00e9fir de lait, kombucha mais aussi des graines germ\u00e9es \ud83c\udf31<\/p>\n[embed]https:\/\/www.youtube.com\/watch?v=YScS2T3ed_8&#038;t=5s[\/embed]\n<p>&nbsp;<\/p>\n","protected":false},"featured_media":549,"template":"","meta":{"content-type":""},"product_brand":[],"product_cat":[19,28],"product_tag":[33],"class_list":{"0":"post-728","1":"product","2":"type-product","3":"status-publish","4":"has-post-thumbnail","6":"product_cat-kefirko","7":"product_cat-kit-kefir","8":"product_tag-kit-kefir-1-4l","10":"first","11":"instock","12":"taxable","13":"shipping-taxable","14":"purchasable","15":"product-type-simple"},"yoast_head":"<!-- This site is optimized with the Yoast SEO plugin v27.1.1 - https:\/\/yoast.com\/product\/yoast-seo-wordpress\/ -->\n<title>Kit k\u00e9fir 1,4L Blanc - Tendance Ecolo B2B<\/title>\n<meta name=\"description\" content=\"Kit \u00e0 k\u00e9fir pour r\u00e9aliser ses boissons ferment\u00e9es \u00e0 la maison avec bocal en verre et bouchon sp\u00e9cifique en bioplastique .\" \/>\n<meta name=\"robots\" content=\"index, follow, max-snippet:-1, max-image-preview:large, max-video-preview:-1\" \/>\n<link rel=\"canonical\" href=\"https:\/\/www.tendance-ecolo-btob.fr\/index.php\/product\/kit-kefir-14l-blanc\/\" \/>\n<meta property=\"og:locale\" content=\"fr_FR\" \/>\n<meta property=\"og:type\" content=\"article\" \/>\n<meta property=\"og:title\" content=\"Kit k\u00e9fir 1,4L Blanc - Tendance Ecolo B2B\" \/>\n<meta property=\"og:description\" content=\"Kit \u00e0 k\u00e9fir pour r\u00e9aliser ses boissons ferment\u00e9es \u00e0 la maison avec bocal en verre et bouchon sp\u00e9cifique en bioplastique .\" \/>\n<meta property=\"og:url\" content=\"https:\/\/www.tendance-ecolo-btob.fr\/index.php\/product\/kit-kefir-14l-blanc\/\" \/>\n<meta property=\"og:site_name\" content=\"Tendance Ecolo B2B\" \/>\n<meta property=\"article:modified_time\" content=\"2025-10-07T14:55:43+00:00\" \/>\n<meta property=\"og:image\" content=\"https:\/\/www.tendance-ecolo-btob.fr\/wp-content\/uploads\/2024\/09\/Design-sans-titre-26.png\" \/>\n\t<meta property=\"og:image:width\" content=\"1200\" \/>\n\t<meta property=\"og:image:height\" content=\"1800\" \/>\n\t<meta property=\"og:image:type\" content=\"image\/png\" \/>\n<meta name=\"twitter:card\" content=\"summary_large_image\" \/>\n<meta name=\"twitter:label1\" content=\"Dur\u00e9e de lecture estim\u00e9e\" \/>\n\t<meta name=\"twitter:data1\" content=\"1 minute\" \/>\n<script type=\"application\/ld+json\" class=\"yoast-schema-graph\">{\"@context\":\"https:\/\/schema.org\",\"@graph\":[{\"@type\":\"WebPage\",\"@id\":\"https:\/\/www.tendance-ecolo-btob.fr\/index.php\/product\/kit-kefir-14l-blanc\/\",\"url\":\"https:\/\/www.tendance-ecolo-btob.fr\/index.php\/product\/kit-kefir-14l-blanc\/\",\"name\":\"Kit k\u00e9fir 1,4L Blanc - Tendance Ecolo B2B\",\"isPartOf\":{\"@id\":\"https:\/\/www.tendance-ecolo-btob.fr\/#website\"},\"primaryImageOfPage\":{\"@id\":\"https:\/\/www.tendance-ecolo-btob.fr\/index.php\/product\/kit-kefir-14l-blanc\/#primaryimage\"},\"image\":{\"@id\":\"https:\/\/www.tendance-ecolo-btob.fr\/index.php\/product\/kit-kefir-14l-blanc\/#primaryimage\"},\"thumbnailUrl\":\"https:\/\/i0.wp.com\/www.tendance-ecolo-btob.fr\/wp-content\/uploads\/2024\/09\/Design-sans-titre-26.png?fit=1200%2C1800&ssl=1\",\"datePublished\":\"2025-01-23T21:28:10+00:00\",\"dateModified\":\"2025-10-07T14:55:43+00:00\",\"description\":\"Kit \u00e0 k\u00e9fir pour r\u00e9aliser ses boissons ferment\u00e9es \u00e0 la maison avec bocal en verre et bouchon sp\u00e9cifique en bioplastique .\",\"breadcrumb\":{\"@id\":\"https:\/\/www.tendance-ecolo-btob.fr\/index.php\/product\/kit-kefir-14l-blanc\/#breadcrumb\"},\"inLanguage\":\"fr-FR\",\"potentialAction\":[{\"@type\":\"ReadAction\",\"target\":[\"https:\/\/www.tendance-ecolo-btob.fr\/index.php\/product\/kit-kefir-14l-blanc\/\"]}]},{\"@type\":\"ImageObject\",\"inLanguage\":\"fr-FR\",\"@id\":\"https:\/\/www.tendance-ecolo-btob.fr\/index.php\/product\/kit-kefir-14l-blanc\/#primaryimage\",\"url\":\"https:\/\/i0.wp.com\/www.tendance-ecolo-btob.fr\/wp-content\/uploads\/2024\/09\/Design-sans-titre-26.png?fit=1200%2C1800&ssl=1\",\"contentUrl\":\"https:\/\/i0.wp.com\/www.tendance-ecolo-btob.fr\/wp-content\/uploads\/2024\/09\/Design-sans-titre-26.png?fit=1200%2C1800&ssl=1\",\"width\":1200,\"height\":1800},{\"@type\":\"BreadcrumbList\",\"@id\":\"https:\/\/www.tendance-ecolo-btob.fr\/index.php\/product\/kit-kefir-14l-blanc\/#breadcrumb\",\"itemListElement\":[{\"@type\":\"ListItem\",\"position\":1,\"name\":\"Accueil\",\"item\":\"https:\/\/www.tendance-ecolo-btob.fr\/\"},{\"@type\":\"ListItem\",\"position\":2,\"name\":\"Boutique\",\"item\":\"https:\/\/www.tendance-ecolo-btob.fr\/index.php\/boutique\/\"},{\"@type\":\"ListItem\",\"position\":3,\"name\":\"Kit k\u00e9fir 1,4L Blanc\"}]},{\"@type\":\"WebSite\",\"@id\":\"https:\/\/www.tendance-ecolo-btob.fr\/#website\",\"url\":\"https:\/\/www.tendance-ecolo-btob.fr\/\",\"name\":\"Tendance Ecolo B2B\",\"description\":\"\",\"potentialAction\":[{\"@type\":\"SearchAction\",\"target\":{\"@type\":\"EntryPoint\",\"urlTemplate\":\"https:\/\/www.tendance-ecolo-btob.fr\/?s={search_term_string}\"},\"query-input\":{\"@type\":\"PropertyValueSpecification\",\"valueRequired\":true,\"valueName\":\"search_term_string\"}}],\"inLanguage\":\"fr-FR\"}]}<\/script>\n<!-- \/ Yoast SEO plugin. -->","yoast_head_json":{"title":"Kit k\u00e9fir 1,4L Blanc - Tendance Ecolo B2B","description":"Kit \u00e0 k\u00e9fir pour r\u00e9aliser ses boissons ferment\u00e9es \u00e0 la maison avec bocal en verre et bouchon sp\u00e9cifique en bioplastique .","robots":{"index":"index","follow":"follow","max-snippet":"max-snippet:-1","max-image-preview":"max-image-preview:large","max-video-preview":"max-video-preview:-1"},"canonical":"https:\/\/www.tendance-ecolo-btob.fr\/index.php\/product\/kit-kefir-14l-blanc\/","og_locale":"fr_FR","og_type":"article","og_title":"Kit k\u00e9fir 1,4L Blanc - Tendance Ecolo B2B","og_description":"Kit \u00e0 k\u00e9fir pour r\u00e9aliser ses boissons ferment\u00e9es \u00e0 la maison avec bocal en verre et bouchon sp\u00e9cifique en bioplastique .","og_url":"https:\/\/www.tendance-ecolo-btob.fr\/index.php\/product\/kit-kefir-14l-blanc\/","og_site_name":"Tendance Ecolo B2B","article_modified_time":"2025-10-07T14:55:43+00:00","og_image":[{"width":1200,"height":1800,"url":"https:\/\/www.tendance-ecolo-btob.fr\/wp-content\/uploads\/2024\/09\/Design-sans-titre-26.png","type":"image\/png"}],"twitter_card":"summary_large_image","twitter_misc":{"Dur\u00e9e de lecture estim\u00e9e":"1 minute"},"schema":{"@context":"https:\/\/schema.org","@graph":[{"@type":"WebPage","@id":"https:\/\/www.tendance-ecolo-btob.fr\/index.php\/product\/kit-kefir-14l-blanc\/","url":"https:\/\/www.tendance-ecolo-btob.fr\/index.php\/product\/kit-kefir-14l-blanc\/","name":"Kit k\u00e9fir 1,4L Blanc - Tendance Ecolo B2B","isPartOf":{"@id":"https:\/\/www.tendance-ecolo-btob.fr\/#website"},"primaryImageOfPage":{"@id":"https:\/\/www.tendance-ecolo-btob.fr\/index.php\/product\/kit-kefir-14l-blanc\/#primaryimage"},"image":{"@id":"https:\/\/www.tendance-ecolo-btob.fr\/index.php\/product\/kit-kefir-14l-blanc\/#primaryimage"},"thumbnailUrl":"https:\/\/i0.wp.com\/www.tendance-ecolo-btob.fr\/wp-content\/uploads\/2024\/09\/Design-sans-titre-26.png?fit=1200%2C1800&ssl=1","datePublished":"2025-01-23T21:28:10+00:00","dateModified":"2025-10-07T14:55:43+00:00","description":"Kit \u00e0 k\u00e9fir pour r\u00e9aliser ses boissons ferment\u00e9es \u00e0 la maison avec bocal en verre et bouchon sp\u00e9cifique en bioplastique .","breadcrumb":{"@id":"https:\/\/www.tendance-ecolo-btob.fr\/index.php\/product\/kit-kefir-14l-blanc\/#breadcrumb"},"inLanguage":"fr-FR","potentialAction":[{"@type":"ReadAction","target":["https:\/\/www.tendance-ecolo-btob.fr\/index.php\/product\/kit-kefir-14l-blanc\/"]}]},{"@type":"ImageObject","inLanguage":"fr-FR","@id":"https:\/\/www.tendance-ecolo-btob.fr\/index.php\/product\/kit-kefir-14l-blanc\/#primaryimage","url":"https:\/\/i0.wp.com\/www.tendance-ecolo-btob.fr\/wp-content\/uploads\/2024\/09\/Design-sans-titre-26.png?fit=1200%2C1800&ssl=1","contentUrl":"https:\/\/i0.wp.com\/www.tendance-ecolo-btob.fr\/wp-content\/uploads\/2024\/09\/Design-sans-titre-26.png?fit=1200%2C1800&ssl=1","width":1200,"height":1800},{"@type":"BreadcrumbList","@id":"https:\/\/www.tendance-ecolo-btob.fr\/index.php\/product\/kit-kefir-14l-blanc\/#breadcrumb","itemListElement":[{"@type":"ListItem","position":1,"name":"Accueil","item":"https:\/\/www.tendance-ecolo-btob.fr\/"},{"@type":"ListItem","position":2,"name":"Boutique","item":"https:\/\/www.tendance-ecolo-btob.fr\/index.php\/boutique\/"},{"@type":"ListItem","position":3,"name":"Kit k\u00e9fir 1,4L Blanc"}]},{"@type":"WebSite","@id":"https:\/\/www.tendance-ecolo-btob.fr\/#website","url":"https:\/\/www.tendance-ecolo-btob.fr\/","name":"Tendance Ecolo B2B","description":"","potentialAction":[{"@type":"SearchAction","target":{"@type":"EntryPoint","urlTemplate":"https:\/\/www.tendance-ecolo-btob.fr\/?s={search_term_string}"},"query-input":{"@type":"PropertyValueSpecification","valueRequired":true,"valueName":"search_term_string"}}],"inLanguage":"fr-FR"}]}},"jetpack_sharing_enabled":true,"_links":{"self":[{"href":"https:\/\/www.tendance-ecolo-btob.fr\/index.php\/wp-json\/wp\/v2\/product\/728","targetHints":{"allow":["GET"]}}],"collection":[{"href":"https:\/\/www.tendance-ecolo-btob.fr\/index.php\/wp-json\/wp\/v2\/product"}],"about":[{"href":"https:\/\/www.tendance-ecolo-btob.fr\/index.php\/wp-json\/wp\/v2\/types\/product"}],"wp:featuredmedia":[{"embeddable":true,"href":"https:\/\/www.tendance-ecolo-btob.fr\/index.php\/wp-json\/wp\/v2\/media\/549"}],"wp:attachment":[{"href":"https:\/\/www.tendance-ecolo-btob.fr\/index.php\/wp-json\/wp\/v2\/media?parent=728"}],"wp:term":[{"taxonomy":"product_brand","embeddable":true,"href":"https:\/\/www.tendance-ecolo-btob.fr\/index.php\/wp-json\/wp\/v2\/product_brand?post=728"},{"taxonomy":"product_cat","embeddable":true,"href":"https:\/\/www.tendance-ecolo-btob.fr\/index.php\/wp-json\/wp\/v2\/product_cat?post=728"},{"taxonomy":"product_tag","embeddable":true,"href":"https:\/\/www.tendance-ecolo-btob.fr\/index.php\/wp-json\/wp\/v2\/product_tag?post=728"}],"curies":[{"name":"wp","href":"https:\/\/api.w.org\/{rel}","templated":true}]}}