{"id":743,"date":"2025-01-28T17:45:32","date_gmt":"2025-01-28T16:45:32","guid":{"rendered":"https:\/\/www.tendance-ecolo-btob.fr\/?post_type=product&#038;p=743"},"modified":"2025-10-07T16:53:24","modified_gmt":"2025-10-07T14:53:24","slug":"kit-kefir-900-ml-rose","status":"publish","type":"product","link":"https:\/\/www.tendance-ecolo-btob.fr\/index.php\/product\/kit-kefir-900-ml-rose\/","title":{"rendered":"Kit k\u00e9fir 900 ml Rose"},"content":{"rendered":"<p>D\u00e9couvrez notre <strong>kit k\u00e9fir<\/strong> <strong>900 ml<\/strong>, l&rsquo;outil parfait pour fermenter votre k\u00e9fir \u00e0 la maison en toute simplicit\u00e9. Avec sa capacit\u00e9 id\u00e9ale de 900 ml, ce bocal sp\u00e9cialement con\u00e7u permet une fermentation efficace pour obtenir du k\u00e9fir frais et d\u00e9licieux. Fabriqu\u00e9 \u00e0 partir de mat\u00e9riaux de haute qualit\u00e9, notre fermenter est \u00e0 la fois durable et facile \u00e0 utiliser. Son couvercle herm\u00e9tique (en bioplastique) assure une fermentation optimale, tout en pr\u00e9servant la fra\u00eecheur et les bienfaits probiotiques du k\u00e9fir.<\/p>\n","protected":false},"excerpt":{"rendered":"<p><strong>Kit k\u00e9fir 900 ml vert\u00a0<\/strong> permet de r\u00e9aliser des boissons ferment\u00e9es comme le k\u00e9fir et le kombucha .<\/p>\n<p>Bocal en verre avec une large ouverture et bouchon sp\u00e9cifique en bioplastique pour ma\u00eetriser la fermentation .<\/p>\n<p>Accessoires inclus: racloir, cuill\u00e8re, fente et presse agrumes\u00a0 et manuel d&rsquo;utilisation \ud83d\udcc3<\/p>\n<p><span style=\"color: #008000;\"><strong>Code EAN:\u00a0<span class=\"dig-1hicw9p1_3-10-0 dig-1hicw9p0_3-10-0 dig-ekabin0_3-10-0 dig-Theme-vis2023 dig-Theme-vis2023--bright dig-Mode--bright In-Theme-Provider\">3830063020007<\/span><\/strong><\/span><\/p>\n<p>&nbsp;<\/p>\n<p>&nbsp;<\/p>\n","protected":false},"featured_media":502,"template":"","meta":{"content-type":""},"product_brand":[],"product_cat":[19,28],"product_tag":[40,39,35,26],"class_list":{"0":"post-743","1":"product","2":"type-product","3":"status-publish","4":"has-post-thumbnail","6":"product_cat-kefirko","7":"product_cat-kit-kefir","8":"product_tag-boisson-fermentee","9":"product_tag-kekir","10":"product_tag-kit-kefir-900ml","11":"product_tag-kombucha","13":"first","14":"instock","15":"taxable","16":"shipping-taxable","17":"purchasable","18":"product-type-simple"},"yoast_head":"<!-- This site is optimized with the Yoast SEO plugin v27.1.1 - https:\/\/yoast.com\/product\/yoast-seo-wordpress\/ -->\n<title>Kit k\u00e9fir 900 ml Rose - Tendance Ecolo B2B<\/title>\n<meta name=\"description\" content=\"Kit k\u00e9fir 900ml rose pour r\u00e9alis\u00e9 ses boissons ferment\u00e9es \u00e0 la maison . Bocal en verre et bouchon sp\u00e9cifique . Site d\u00e9di\u00e9 aux professionnels.\" \/>\n<meta name=\"robots\" content=\"index, follow, max-snippet:-1, max-image-preview:large, max-video-preview:-1\" \/>\n<link rel=\"canonical\" href=\"https:\/\/www.tendance-ecolo-btob.fr\/index.php\/product\/kit-kefir-900-ml-rose\/\" \/>\n<meta property=\"og:locale\" content=\"fr_FR\" \/>\n<meta property=\"og:type\" content=\"article\" \/>\n<meta property=\"og:title\" content=\"Kit k\u00e9fir 900 ml Rose - Tendance Ecolo B2B\" \/>\n<meta property=\"og:description\" content=\"Kit k\u00e9fir 900ml rose pour r\u00e9alis\u00e9 ses boissons ferment\u00e9es \u00e0 la maison . Bocal en verre et bouchon sp\u00e9cifique . Site d\u00e9di\u00e9 aux professionnels.\" \/>\n<meta property=\"og:url\" content=\"https:\/\/www.tendance-ecolo-btob.fr\/index.php\/product\/kit-kefir-900-ml-rose\/\" \/>\n<meta property=\"og:site_name\" content=\"Tendance Ecolo B2B\" \/>\n<meta property=\"article:modified_time\" content=\"2025-10-07T14:53:24+00:00\" \/>\n<meta property=\"og:image\" content=\"https:\/\/www.tendance-ecolo-btob.fr\/wp-content\/uploads\/2024\/09\/Design-sans-titre-1-3.png\" \/>\n\t<meta property=\"og:image:width\" content=\"1200\" \/>\n\t<meta property=\"og:image:height\" content=\"1800\" \/>\n\t<meta property=\"og:image:type\" content=\"image\/png\" \/>\n<meta name=\"twitter:card\" content=\"summary_large_image\" \/>\n<meta name=\"twitter:label1\" content=\"Dur\u00e9e de lecture estim\u00e9e\" \/>\n\t<meta name=\"twitter:data1\" content=\"1 minute\" \/>\n<script type=\"application\/ld+json\" class=\"yoast-schema-graph\">{\"@context\":\"https:\/\/schema.org\",\"@graph\":[{\"@type\":\"WebPage\",\"@id\":\"https:\/\/www.tendance-ecolo-btob.fr\/index.php\/product\/kit-kefir-900-ml-rose\/\",\"url\":\"https:\/\/www.tendance-ecolo-btob.fr\/index.php\/product\/kit-kefir-900-ml-rose\/\",\"name\":\"Kit k\u00e9fir 900 ml Rose - Tendance Ecolo B2B\",\"isPartOf\":{\"@id\":\"https:\/\/www.tendance-ecolo-btob.fr\/#website\"},\"primaryImageOfPage\":{\"@id\":\"https:\/\/www.tendance-ecolo-btob.fr\/index.php\/product\/kit-kefir-900-ml-rose\/#primaryimage\"},\"image\":{\"@id\":\"https:\/\/www.tendance-ecolo-btob.fr\/index.php\/product\/kit-kefir-900-ml-rose\/#primaryimage\"},\"thumbnailUrl\":\"https:\/\/i0.wp.com\/www.tendance-ecolo-btob.fr\/wp-content\/uploads\/2024\/09\/Design-sans-titre-1-3.png?fit=1200%2C1800&ssl=1\",\"datePublished\":\"2025-01-28T16:45:32+00:00\",\"dateModified\":\"2025-10-07T14:53:24+00:00\",\"description\":\"Kit k\u00e9fir 900ml rose pour r\u00e9alis\u00e9 ses boissons ferment\u00e9es \u00e0 la maison . Bocal en verre et bouchon sp\u00e9cifique . Site d\u00e9di\u00e9 aux professionnels.\",\"breadcrumb\":{\"@id\":\"https:\/\/www.tendance-ecolo-btob.fr\/index.php\/product\/kit-kefir-900-ml-rose\/#breadcrumb\"},\"inLanguage\":\"fr-FR\",\"potentialAction\":[{\"@type\":\"ReadAction\",\"target\":[\"https:\/\/www.tendance-ecolo-btob.fr\/index.php\/product\/kit-kefir-900-ml-rose\/\"]}]},{\"@type\":\"ImageObject\",\"inLanguage\":\"fr-FR\",\"@id\":\"https:\/\/www.tendance-ecolo-btob.fr\/index.php\/product\/kit-kefir-900-ml-rose\/#primaryimage\",\"url\":\"https:\/\/i0.wp.com\/www.tendance-ecolo-btob.fr\/wp-content\/uploads\/2024\/09\/Design-sans-titre-1-3.png?fit=1200%2C1800&ssl=1\",\"contentUrl\":\"https:\/\/i0.wp.com\/www.tendance-ecolo-btob.fr\/wp-content\/uploads\/2024\/09\/Design-sans-titre-1-3.png?fit=1200%2C1800&ssl=1\",\"width\":1200,\"height\":1800},{\"@type\":\"BreadcrumbList\",\"@id\":\"https:\/\/www.tendance-ecolo-btob.fr\/index.php\/product\/kit-kefir-900-ml-rose\/#breadcrumb\",\"itemListElement\":[{\"@type\":\"ListItem\",\"position\":1,\"name\":\"Accueil\",\"item\":\"https:\/\/www.tendance-ecolo-btob.fr\/\"},{\"@type\":\"ListItem\",\"position\":2,\"name\":\"Boutique\",\"item\":\"https:\/\/www.tendance-ecolo-btob.fr\/index.php\/boutique\/\"},{\"@type\":\"ListItem\",\"position\":3,\"name\":\"Kit k\u00e9fir 900 ml Rose\"}]},{\"@type\":\"WebSite\",\"@id\":\"https:\/\/www.tendance-ecolo-btob.fr\/#website\",\"url\":\"https:\/\/www.tendance-ecolo-btob.fr\/\",\"name\":\"Tendance Ecolo B2B\",\"description\":\"\",\"potentialAction\":[{\"@type\":\"SearchAction\",\"target\":{\"@type\":\"EntryPoint\",\"urlTemplate\":\"https:\/\/www.tendance-ecolo-btob.fr\/?s={search_term_string}\"},\"query-input\":{\"@type\":\"PropertyValueSpecification\",\"valueRequired\":true,\"valueName\":\"search_term_string\"}}],\"inLanguage\":\"fr-FR\"}]}<\/script>\n<!-- \/ Yoast SEO plugin. -->","yoast_head_json":{"title":"Kit k\u00e9fir 900 ml Rose - Tendance Ecolo B2B","description":"Kit k\u00e9fir 900ml rose pour r\u00e9alis\u00e9 ses boissons ferment\u00e9es \u00e0 la maison . Bocal en verre et bouchon sp\u00e9cifique . Site d\u00e9di\u00e9 aux professionnels.","robots":{"index":"index","follow":"follow","max-snippet":"max-snippet:-1","max-image-preview":"max-image-preview:large","max-video-preview":"max-video-preview:-1"},"canonical":"https:\/\/www.tendance-ecolo-btob.fr\/index.php\/product\/kit-kefir-900-ml-rose\/","og_locale":"fr_FR","og_type":"article","og_title":"Kit k\u00e9fir 900 ml Rose - Tendance Ecolo B2B","og_description":"Kit k\u00e9fir 900ml rose pour r\u00e9alis\u00e9 ses boissons ferment\u00e9es \u00e0 la maison . Bocal en verre et bouchon sp\u00e9cifique . Site d\u00e9di\u00e9 aux professionnels.","og_url":"https:\/\/www.tendance-ecolo-btob.fr\/index.php\/product\/kit-kefir-900-ml-rose\/","og_site_name":"Tendance Ecolo B2B","article_modified_time":"2025-10-07T14:53:24+00:00","og_image":[{"width":1200,"height":1800,"url":"https:\/\/www.tendance-ecolo-btob.fr\/wp-content\/uploads\/2024\/09\/Design-sans-titre-1-3.png","type":"image\/png"}],"twitter_card":"summary_large_image","twitter_misc":{"Dur\u00e9e de lecture estim\u00e9e":"1 minute"},"schema":{"@context":"https:\/\/schema.org","@graph":[{"@type":"WebPage","@id":"https:\/\/www.tendance-ecolo-btob.fr\/index.php\/product\/kit-kefir-900-ml-rose\/","url":"https:\/\/www.tendance-ecolo-btob.fr\/index.php\/product\/kit-kefir-900-ml-rose\/","name":"Kit k\u00e9fir 900 ml Rose - Tendance Ecolo B2B","isPartOf":{"@id":"https:\/\/www.tendance-ecolo-btob.fr\/#website"},"primaryImageOfPage":{"@id":"https:\/\/www.tendance-ecolo-btob.fr\/index.php\/product\/kit-kefir-900-ml-rose\/#primaryimage"},"image":{"@id":"https:\/\/www.tendance-ecolo-btob.fr\/index.php\/product\/kit-kefir-900-ml-rose\/#primaryimage"},"thumbnailUrl":"https:\/\/i0.wp.com\/www.tendance-ecolo-btob.fr\/wp-content\/uploads\/2024\/09\/Design-sans-titre-1-3.png?fit=1200%2C1800&ssl=1","datePublished":"2025-01-28T16:45:32+00:00","dateModified":"2025-10-07T14:53:24+00:00","description":"Kit k\u00e9fir 900ml rose pour r\u00e9alis\u00e9 ses boissons ferment\u00e9es \u00e0 la maison . Bocal en verre et bouchon sp\u00e9cifique . Site d\u00e9di\u00e9 aux professionnels.","breadcrumb":{"@id":"https:\/\/www.tendance-ecolo-btob.fr\/index.php\/product\/kit-kefir-900-ml-rose\/#breadcrumb"},"inLanguage":"fr-FR","potentialAction":[{"@type":"ReadAction","target":["https:\/\/www.tendance-ecolo-btob.fr\/index.php\/product\/kit-kefir-900-ml-rose\/"]}]},{"@type":"ImageObject","inLanguage":"fr-FR","@id":"https:\/\/www.tendance-ecolo-btob.fr\/index.php\/product\/kit-kefir-900-ml-rose\/#primaryimage","url":"https:\/\/i0.wp.com\/www.tendance-ecolo-btob.fr\/wp-content\/uploads\/2024\/09\/Design-sans-titre-1-3.png?fit=1200%2C1800&ssl=1","contentUrl":"https:\/\/i0.wp.com\/www.tendance-ecolo-btob.fr\/wp-content\/uploads\/2024\/09\/Design-sans-titre-1-3.png?fit=1200%2C1800&ssl=1","width":1200,"height":1800},{"@type":"BreadcrumbList","@id":"https:\/\/www.tendance-ecolo-btob.fr\/index.php\/product\/kit-kefir-900-ml-rose\/#breadcrumb","itemListElement":[{"@type":"ListItem","position":1,"name":"Accueil","item":"https:\/\/www.tendance-ecolo-btob.fr\/"},{"@type":"ListItem","position":2,"name":"Boutique","item":"https:\/\/www.tendance-ecolo-btob.fr\/index.php\/boutique\/"},{"@type":"ListItem","position":3,"name":"Kit k\u00e9fir 900 ml Rose"}]},{"@type":"WebSite","@id":"https:\/\/www.tendance-ecolo-btob.fr\/#website","url":"https:\/\/www.tendance-ecolo-btob.fr\/","name":"Tendance Ecolo B2B","description":"","potentialAction":[{"@type":"SearchAction","target":{"@type":"EntryPoint","urlTemplate":"https:\/\/www.tendance-ecolo-btob.fr\/?s={search_term_string}"},"query-input":{"@type":"PropertyValueSpecification","valueRequired":true,"valueName":"search_term_string"}}],"inLanguage":"fr-FR"}]}},"jetpack_sharing_enabled":true,"_links":{"self":[{"href":"https:\/\/www.tendance-ecolo-btob.fr\/index.php\/wp-json\/wp\/v2\/product\/743","targetHints":{"allow":["GET"]}}],"collection":[{"href":"https:\/\/www.tendance-ecolo-btob.fr\/index.php\/wp-json\/wp\/v2\/product"}],"about":[{"href":"https:\/\/www.tendance-ecolo-btob.fr\/index.php\/wp-json\/wp\/v2\/types\/product"}],"wp:featuredmedia":[{"embeddable":true,"href":"https:\/\/www.tendance-ecolo-btob.fr\/index.php\/wp-json\/wp\/v2\/media\/502"}],"wp:attachment":[{"href":"https:\/\/www.tendance-ecolo-btob.fr\/index.php\/wp-json\/wp\/v2\/media?parent=743"}],"wp:term":[{"taxonomy":"product_brand","embeddable":true,"href":"https:\/\/www.tendance-ecolo-btob.fr\/index.php\/wp-json\/wp\/v2\/product_brand?post=743"},{"taxonomy":"product_cat","embeddable":true,"href":"https:\/\/www.tendance-ecolo-btob.fr\/index.php\/wp-json\/wp\/v2\/product_cat?post=743"},{"taxonomy":"product_tag","embeddable":true,"href":"https:\/\/www.tendance-ecolo-btob.fr\/index.php\/wp-json\/wp\/v2\/product_tag?post=743"}],"curies":[{"name":"wp","href":"https:\/\/api.w.org\/{rel}","templated":true}]}}