{"id":813,"date":"2025-03-13T11:49:53","date_gmt":"2025-03-13T10:49:53","guid":{"rendered":"https:\/\/www.tendance-ecolo-btob.fr\/?post_type=product&#038;p=813"},"modified":"2025-08-18T18:03:48","modified_gmt":"2025-08-18T16:03:48","slug":"grains-de-kefir-d-eau-deshydrates-5g","status":"publish","type":"product","link":"https:\/\/www.tendance-ecolo-btob.fr\/index.php\/product\/grains-de-kefir-d-eau-deshydrates-5g\/","title":{"rendered":"Grains de K\u00e9fir d&rsquo;eau d\u00e9shydrat\u00e9s 5G"},"content":{"rendered":"<p><strong>COMMENT ACTIVER LES GRAINS DE KEFIR D&rsquo;EAU ?<\/strong><\/p>\n<ol>\n<li>Dissoudre 30 g de sucre dans 300 ml d&rsquo;eau non chlor\u00e9e et ajouter les grains de k\u00e9fir + une pinc\u00e9e de bicarbonate de soude.<\/li>\n<li>Laisser fermenter 2 jours.<\/li>\n<li>Filtrer et jeter l&rsquo;eau.<\/li>\n<li>R\u00e9p\u00e9tez les \u00e9tapes 1 \u00e0 3 plusieurs fois, jusqu&rsquo;\u00e0 ce que vous remarquiez une activit\u00e9 : bulles ,mouvements.<\/li>\n<li>Filtrer et utiliser les grains pour le k\u00e9fir d&rsquo;eau pour vos pr\u00e9parations \u00e0 consommer.<\/li>\n<\/ol>\n","protected":false},"excerpt":{"rendered":"<p>Les souches de k\u00e9fir d&rsquo;eau de Kefirko sont sous forme de grains d\u00e9sydrat\u00e9s et permettent de d\u00e9marrer la fermentation du k\u00e9fir d&rsquo;eau .<\/p>\n<p>Les ferments actifs vivants , 100% naturels , sans gluten et non OGM se r\u00e9utilisent et se mutliplient.<\/p>\n<p>Certifi\u00e9s bio.<\/p>\n<p>Code EAN : 3830063020403<\/p>\n<h4><span style=\"color: #ff0000;\">De retour fin mai !<\/span><\/h4>\n","protected":false},"featured_media":817,"template":"","meta":{"content-type":""},"product_brand":[],"product_cat":[19,44],"product_tag":[],"class_list":{"0":"post-813","1":"product","2":"type-product","3":"status-publish","4":"has-post-thumbnail","6":"product_cat-kefirko","7":"product_cat-nos-souches","9":"first","10":"instock","11":"taxable","12":"shipping-taxable","13":"purchasable","14":"product-type-simple"},"yoast_head":"<!-- This site is optimized with the Yoast SEO plugin v27.1.1 - https:\/\/yoast.com\/product\/yoast-seo-wordpress\/ -->\n<title>Grains de K\u00e9fir d&#039;eau d\u00e9shydrat\u00e9s 5G - Tendance Ecolo B2B<\/title>\n<meta name=\"description\" content=\"Souches K\u00e9fir d&#039;eau en grains d\u00e9shydrat\u00e9s certifi\u00e9s bio\" \/>\n<meta name=\"robots\" content=\"index, follow, max-snippet:-1, max-image-preview:large, max-video-preview:-1\" \/>\n<link rel=\"canonical\" href=\"https:\/\/www.tendance-ecolo-btob.fr\/index.php\/product\/grains-de-kefir-d-eau-deshydrates-5g\/\" \/>\n<meta property=\"og:locale\" content=\"fr_FR\" \/>\n<meta property=\"og:type\" content=\"article\" \/>\n<meta property=\"og:title\" content=\"Grains de K\u00e9fir d&#039;eau d\u00e9shydrat\u00e9s 5G - Tendance Ecolo B2B\" \/>\n<meta property=\"og:description\" content=\"Souches K\u00e9fir d&#039;eau en grains d\u00e9shydrat\u00e9s certifi\u00e9s bio\" \/>\n<meta property=\"og:url\" content=\"https:\/\/www.tendance-ecolo-btob.fr\/index.php\/product\/grains-de-kefir-d-eau-deshydrates-5g\/\" \/>\n<meta property=\"og:site_name\" content=\"Tendance Ecolo B2B\" \/>\n<meta property=\"article:modified_time\" content=\"2025-08-18T16:03:48+00:00\" \/>\n<meta property=\"og:image\" content=\"https:\/\/www.tendance-ecolo-btob.fr\/wp-content\/uploads\/2025\/03\/souche-kefir-deau-scaled.jpg\" \/>\n\t<meta property=\"og:image:width\" content=\"2560\" \/>\n\t<meta property=\"og:image:height\" content=\"2560\" \/>\n\t<meta property=\"og:image:type\" content=\"image\/jpeg\" \/>\n<meta name=\"twitter:card\" content=\"summary_large_image\" \/>\n<meta name=\"twitter:label1\" content=\"Dur\u00e9e de lecture estim\u00e9e\" \/>\n\t<meta name=\"twitter:data1\" content=\"1 minute\" \/>\n<script type=\"application\/ld+json\" class=\"yoast-schema-graph\">{\"@context\":\"https:\/\/schema.org\",\"@graph\":[{\"@type\":\"WebPage\",\"@id\":\"https:\/\/www.tendance-ecolo-btob.fr\/index.php\/product\/grains-de-kefir-d-eau-deshydrates-5g\/\",\"url\":\"https:\/\/www.tendance-ecolo-btob.fr\/index.php\/product\/grains-de-kefir-d-eau-deshydrates-5g\/\",\"name\":\"Grains de K\u00e9fir d'eau d\u00e9shydrat\u00e9s 5G - Tendance Ecolo B2B\",\"isPartOf\":{\"@id\":\"https:\/\/www.tendance-ecolo-btob.fr\/#website\"},\"primaryImageOfPage\":{\"@id\":\"https:\/\/www.tendance-ecolo-btob.fr\/index.php\/product\/grains-de-kefir-d-eau-deshydrates-5g\/#primaryimage\"},\"image\":{\"@id\":\"https:\/\/www.tendance-ecolo-btob.fr\/index.php\/product\/grains-de-kefir-d-eau-deshydrates-5g\/#primaryimage\"},\"thumbnailUrl\":\"https:\/\/i0.wp.com\/www.tendance-ecolo-btob.fr\/wp-content\/uploads\/2025\/03\/souche-kefir-deau-scaled.jpg?fit=2560%2C2560&ssl=1\",\"datePublished\":\"2025-03-13T10:49:53+00:00\",\"dateModified\":\"2025-08-18T16:03:48+00:00\",\"description\":\"Souches K\u00e9fir d'eau en grains d\u00e9shydrat\u00e9s certifi\u00e9s bio\",\"breadcrumb\":{\"@id\":\"https:\/\/www.tendance-ecolo-btob.fr\/index.php\/product\/grains-de-kefir-d-eau-deshydrates-5g\/#breadcrumb\"},\"inLanguage\":\"fr-FR\",\"potentialAction\":[{\"@type\":\"ReadAction\",\"target\":[\"https:\/\/www.tendance-ecolo-btob.fr\/index.php\/product\/grains-de-kefir-d-eau-deshydrates-5g\/\"]}]},{\"@type\":\"ImageObject\",\"inLanguage\":\"fr-FR\",\"@id\":\"https:\/\/www.tendance-ecolo-btob.fr\/index.php\/product\/grains-de-kefir-d-eau-deshydrates-5g\/#primaryimage\",\"url\":\"https:\/\/i0.wp.com\/www.tendance-ecolo-btob.fr\/wp-content\/uploads\/2025\/03\/souche-kefir-deau-scaled.jpg?fit=2560%2C2560&ssl=1\",\"contentUrl\":\"https:\/\/i0.wp.com\/www.tendance-ecolo-btob.fr\/wp-content\/uploads\/2025\/03\/souche-kefir-deau-scaled.jpg?fit=2560%2C2560&ssl=1\",\"width\":2560,\"height\":2560},{\"@type\":\"BreadcrumbList\",\"@id\":\"https:\/\/www.tendance-ecolo-btob.fr\/index.php\/product\/grains-de-kefir-d-eau-deshydrates-5g\/#breadcrumb\",\"itemListElement\":[{\"@type\":\"ListItem\",\"position\":1,\"name\":\"Accueil\",\"item\":\"https:\/\/www.tendance-ecolo-btob.fr\/\"},{\"@type\":\"ListItem\",\"position\":2,\"name\":\"Boutique\",\"item\":\"https:\/\/www.tendance-ecolo-btob.fr\/index.php\/boutique\/\"},{\"@type\":\"ListItem\",\"position\":3,\"name\":\"Grains de K\u00e9fir d&rsquo;eau d\u00e9shydrat\u00e9s 5G\"}]},{\"@type\":\"WebSite\",\"@id\":\"https:\/\/www.tendance-ecolo-btob.fr\/#website\",\"url\":\"https:\/\/www.tendance-ecolo-btob.fr\/\",\"name\":\"Tendance Ecolo B2B\",\"description\":\"\",\"potentialAction\":[{\"@type\":\"SearchAction\",\"target\":{\"@type\":\"EntryPoint\",\"urlTemplate\":\"https:\/\/www.tendance-ecolo-btob.fr\/?s={search_term_string}\"},\"query-input\":{\"@type\":\"PropertyValueSpecification\",\"valueRequired\":true,\"valueName\":\"search_term_string\"}}],\"inLanguage\":\"fr-FR\"}]}<\/script>\n<!-- \/ Yoast SEO plugin. -->","yoast_head_json":{"title":"Grains de K\u00e9fir d'eau d\u00e9shydrat\u00e9s 5G - Tendance Ecolo B2B","description":"Souches K\u00e9fir d'eau en grains d\u00e9shydrat\u00e9s certifi\u00e9s bio","robots":{"index":"index","follow":"follow","max-snippet":"max-snippet:-1","max-image-preview":"max-image-preview:large","max-video-preview":"max-video-preview:-1"},"canonical":"https:\/\/www.tendance-ecolo-btob.fr\/index.php\/product\/grains-de-kefir-d-eau-deshydrates-5g\/","og_locale":"fr_FR","og_type":"article","og_title":"Grains de K\u00e9fir d'eau d\u00e9shydrat\u00e9s 5G - Tendance Ecolo B2B","og_description":"Souches K\u00e9fir d'eau en grains d\u00e9shydrat\u00e9s certifi\u00e9s bio","og_url":"https:\/\/www.tendance-ecolo-btob.fr\/index.php\/product\/grains-de-kefir-d-eau-deshydrates-5g\/","og_site_name":"Tendance Ecolo B2B","article_modified_time":"2025-08-18T16:03:48+00:00","og_image":[{"width":2560,"height":2560,"url":"https:\/\/www.tendance-ecolo-btob.fr\/wp-content\/uploads\/2025\/03\/souche-kefir-deau-scaled.jpg","type":"image\/jpeg"}],"twitter_card":"summary_large_image","twitter_misc":{"Dur\u00e9e de lecture estim\u00e9e":"1 minute"},"schema":{"@context":"https:\/\/schema.org","@graph":[{"@type":"WebPage","@id":"https:\/\/www.tendance-ecolo-btob.fr\/index.php\/product\/grains-de-kefir-d-eau-deshydrates-5g\/","url":"https:\/\/www.tendance-ecolo-btob.fr\/index.php\/product\/grains-de-kefir-d-eau-deshydrates-5g\/","name":"Grains de K\u00e9fir d'eau d\u00e9shydrat\u00e9s 5G - Tendance Ecolo B2B","isPartOf":{"@id":"https:\/\/www.tendance-ecolo-btob.fr\/#website"},"primaryImageOfPage":{"@id":"https:\/\/www.tendance-ecolo-btob.fr\/index.php\/product\/grains-de-kefir-d-eau-deshydrates-5g\/#primaryimage"},"image":{"@id":"https:\/\/www.tendance-ecolo-btob.fr\/index.php\/product\/grains-de-kefir-d-eau-deshydrates-5g\/#primaryimage"},"thumbnailUrl":"https:\/\/i0.wp.com\/www.tendance-ecolo-btob.fr\/wp-content\/uploads\/2025\/03\/souche-kefir-deau-scaled.jpg?fit=2560%2C2560&ssl=1","datePublished":"2025-03-13T10:49:53+00:00","dateModified":"2025-08-18T16:03:48+00:00","description":"Souches K\u00e9fir d'eau en grains d\u00e9shydrat\u00e9s certifi\u00e9s bio","breadcrumb":{"@id":"https:\/\/www.tendance-ecolo-btob.fr\/index.php\/product\/grains-de-kefir-d-eau-deshydrates-5g\/#breadcrumb"},"inLanguage":"fr-FR","potentialAction":[{"@type":"ReadAction","target":["https:\/\/www.tendance-ecolo-btob.fr\/index.php\/product\/grains-de-kefir-d-eau-deshydrates-5g\/"]}]},{"@type":"ImageObject","inLanguage":"fr-FR","@id":"https:\/\/www.tendance-ecolo-btob.fr\/index.php\/product\/grains-de-kefir-d-eau-deshydrates-5g\/#primaryimage","url":"https:\/\/i0.wp.com\/www.tendance-ecolo-btob.fr\/wp-content\/uploads\/2025\/03\/souche-kefir-deau-scaled.jpg?fit=2560%2C2560&ssl=1","contentUrl":"https:\/\/i0.wp.com\/www.tendance-ecolo-btob.fr\/wp-content\/uploads\/2025\/03\/souche-kefir-deau-scaled.jpg?fit=2560%2C2560&ssl=1","width":2560,"height":2560},{"@type":"BreadcrumbList","@id":"https:\/\/www.tendance-ecolo-btob.fr\/index.php\/product\/grains-de-kefir-d-eau-deshydrates-5g\/#breadcrumb","itemListElement":[{"@type":"ListItem","position":1,"name":"Accueil","item":"https:\/\/www.tendance-ecolo-btob.fr\/"},{"@type":"ListItem","position":2,"name":"Boutique","item":"https:\/\/www.tendance-ecolo-btob.fr\/index.php\/boutique\/"},{"@type":"ListItem","position":3,"name":"Grains de K\u00e9fir d&rsquo;eau d\u00e9shydrat\u00e9s 5G"}]},{"@type":"WebSite","@id":"https:\/\/www.tendance-ecolo-btob.fr\/#website","url":"https:\/\/www.tendance-ecolo-btob.fr\/","name":"Tendance Ecolo B2B","description":"","potentialAction":[{"@type":"SearchAction","target":{"@type":"EntryPoint","urlTemplate":"https:\/\/www.tendance-ecolo-btob.fr\/?s={search_term_string}"},"query-input":{"@type":"PropertyValueSpecification","valueRequired":true,"valueName":"search_term_string"}}],"inLanguage":"fr-FR"}]}},"jetpack_sharing_enabled":true,"_links":{"self":[{"href":"https:\/\/www.tendance-ecolo-btob.fr\/index.php\/wp-json\/wp\/v2\/product\/813","targetHints":{"allow":["GET"]}}],"collection":[{"href":"https:\/\/www.tendance-ecolo-btob.fr\/index.php\/wp-json\/wp\/v2\/product"}],"about":[{"href":"https:\/\/www.tendance-ecolo-btob.fr\/index.php\/wp-json\/wp\/v2\/types\/product"}],"wp:featuredmedia":[{"embeddable":true,"href":"https:\/\/www.tendance-ecolo-btob.fr\/index.php\/wp-json\/wp\/v2\/media\/817"}],"wp:attachment":[{"href":"https:\/\/www.tendance-ecolo-btob.fr\/index.php\/wp-json\/wp\/v2\/media?parent=813"}],"wp:term":[{"taxonomy":"product_brand","embeddable":true,"href":"https:\/\/www.tendance-ecolo-btob.fr\/index.php\/wp-json\/wp\/v2\/product_brand?post=813"},{"taxonomy":"product_cat","embeddable":true,"href":"https:\/\/www.tendance-ecolo-btob.fr\/index.php\/wp-json\/wp\/v2\/product_cat?post=813"},{"taxonomy":"product_tag","embeddable":true,"href":"https:\/\/www.tendance-ecolo-btob.fr\/index.php\/wp-json\/wp\/v2\/product_tag?post=813"}],"curies":[{"name":"wp","href":"https:\/\/api.w.org\/{rel}","templated":true}]}}