{"id":927,"date":"2025-03-18T17:17:56","date_gmt":"2025-03-18T16:17:56","guid":{"rendered":"https:\/\/www.tendance-ecolo-btob.fr\/?post_type=product&#038;p=927"},"modified":"2025-10-07T15:58:05","modified_gmt":"2025-10-07T13:58:05","slug":"oreiller-ozren-perles-de-laine-flocons-latex-bio-60x40cm-moelleux","status":"publish","type":"product","link":"https:\/\/www.tendance-ecolo-btob.fr\/index.php\/product\/oreiller-ozren-perles-de-laine-flocons-latex-bio-60x40cm-moelleux\/","title":{"rendered":"Oreiller Ozren perles de laine\/flocons latex bio &#8211; 60x40cm &#8211; Moelleux"},"content":{"rendered":"<p>Oreiller moelleux d\u2019\u00e9paisseur moyenne qui offre un confort souple sans \u00eatre trop \u00e9pais. Le m\u00e9lange perles de pure laine vierge et flocons de latex bio offre gonflant et moelleux. Tous les avantages de la laine et du latex dans un m\u00eame oreiller. La quantit\u00e9 de garnissage est ajustable gr\u00e2ce \u00e0 la fermeture \u00e0 glissi\u00e8re sur l\u2019oreiller.<\/p>\n<p><img data-recalc-dims=\"1\" loading=\"lazy\" decoding=\"async\" class=\"alignnone size-full wp-image-954\" src=\"https:\/\/i0.wp.com\/www.tendance-ecolo-btob.fr\/wp-content\/uploads\/2025\/03\/logo-GOTS.png?resize=160%2C106&#038;ssl=1\" alt=\"\" width=\"160\" height=\"106\" \/><\/p>\n","protected":false},"excerpt":{"rendered":"<ul>\n<li>Taille : 60x40cm<\/li>\n<li>Provenance des mati\u00e8res : Laine de Serbie, Latex de Belgique, Tissu de Turquie<\/li>\n<li>Garnissage : 50% perles de pure laine vierge \/ 50% flocon de latex naturel<\/li>\n<li>Composition : 100% coton bio<\/li>\n<li>Certifications : euroLATEX 100% Naturel, Latex naturel certifi\u00e9 FSC, GOTS, Oeko-Tex Standard 100<\/li>\n<li>Marque : Revolana<\/li>\n<li>Fabrication : Serbie<\/li>\n<li>Mati\u00e8res : Coton bio<\/li>\n<\/ul>\n<p>Code EAN : 3700807660281<\/p>\n","protected":false},"featured_media":939,"template":"","meta":{"content-type":""},"product_brand":[],"product_cat":[69,20],"product_tag":[],"class_list":{"0":"post-927","1":"product","2":"type-product","3":"status-publish","4":"has-post-thumbnail","6":"product_cat-nos-oreillers-avec-rembourrage-naturel-et-enveloppe-en-coton-bio","7":"product_cat-revolana","9":"first","10":"instock","11":"taxable","12":"shipping-taxable","13":"purchasable","14":"product-type-simple"},"yoast_head":"<!-- This site is optimized with the Yoast SEO plugin v27.1.1 - https:\/\/yoast.com\/product\/yoast-seo-wordpress\/ -->\n<title>Oreiller Ozren perles de laine\/flocons latex bio - 60x40cm - Moelleux - Tendance Ecolo B2B<\/title>\n<meta name=\"description\" content=\"Oreiller moelleux en perles de laine et flocons de latex 60x40cm. Site d\u00e9di\u00e9 aux professionnels.\" \/>\n<meta name=\"robots\" content=\"index, follow, max-snippet:-1, max-image-preview:large, max-video-preview:-1\" \/>\n<link rel=\"canonical\" href=\"https:\/\/www.tendance-ecolo-btob.fr\/index.php\/product\/oreiller-ozren-perles-de-laine-flocons-latex-bio-60x40cm-moelleux\/\" \/>\n<meta property=\"og:locale\" content=\"fr_FR\" \/>\n<meta property=\"og:type\" content=\"article\" \/>\n<meta property=\"og:title\" content=\"Oreiller Ozren perles de laine\/flocons latex bio - 60x40cm - Moelleux - Tendance Ecolo B2B\" \/>\n<meta property=\"og:description\" content=\"Oreiller moelleux en perles de laine et flocons de latex 60x40cm. Site d\u00e9di\u00e9 aux professionnels.\" \/>\n<meta property=\"og:url\" content=\"https:\/\/www.tendance-ecolo-btob.fr\/index.php\/product\/oreiller-ozren-perles-de-laine-flocons-latex-bio-60x40cm-moelleux\/\" \/>\n<meta property=\"og:site_name\" content=\"Tendance Ecolo B2B\" \/>\n<meta property=\"article:modified_time\" content=\"2025-10-07T13:58:05+00:00\" \/>\n<meta property=\"og:image\" content=\"https:\/\/www.tendance-ecolo-btob.fr\/wp-content\/uploads\/2025\/03\/10-ozren-side.jpg\" \/>\n\t<meta property=\"og:image:width\" content=\"1800\" \/>\n\t<meta property=\"og:image:height\" content=\"1200\" \/>\n\t<meta property=\"og:image:type\" content=\"image\/jpeg\" \/>\n<meta name=\"twitter:card\" content=\"summary_large_image\" \/>\n<meta name=\"twitter:label1\" content=\"Dur\u00e9e de lecture estim\u00e9e\" \/>\n\t<meta name=\"twitter:data1\" content=\"1 minute\" \/>\n<script type=\"application\/ld+json\" class=\"yoast-schema-graph\">{\"@context\":\"https:\/\/schema.org\",\"@graph\":[{\"@type\":\"WebPage\",\"@id\":\"https:\/\/www.tendance-ecolo-btob.fr\/index.php\/product\/oreiller-ozren-perles-de-laine-flocons-latex-bio-60x40cm-moelleux\/\",\"url\":\"https:\/\/www.tendance-ecolo-btob.fr\/index.php\/product\/oreiller-ozren-perles-de-laine-flocons-latex-bio-60x40cm-moelleux\/\",\"name\":\"Oreiller Ozren perles de laine\/flocons latex bio - 60x40cm - Moelleux - Tendance Ecolo B2B\",\"isPartOf\":{\"@id\":\"https:\/\/www.tendance-ecolo-btob.fr\/#website\"},\"primaryImageOfPage\":{\"@id\":\"https:\/\/www.tendance-ecolo-btob.fr\/index.php\/product\/oreiller-ozren-perles-de-laine-flocons-latex-bio-60x40cm-moelleux\/#primaryimage\"},\"image\":{\"@id\":\"https:\/\/www.tendance-ecolo-btob.fr\/index.php\/product\/oreiller-ozren-perles-de-laine-flocons-latex-bio-60x40cm-moelleux\/#primaryimage\"},\"thumbnailUrl\":\"https:\/\/i0.wp.com\/www.tendance-ecolo-btob.fr\/wp-content\/uploads\/2025\/03\/10-ozren-side.jpg?fit=1800%2C1200&ssl=1\",\"datePublished\":\"2025-03-18T16:17:56+00:00\",\"dateModified\":\"2025-10-07T13:58:05+00:00\",\"description\":\"Oreiller moelleux en perles de laine et flocons de latex 60x40cm. Site d\u00e9di\u00e9 aux professionnels.\",\"breadcrumb\":{\"@id\":\"https:\/\/www.tendance-ecolo-btob.fr\/index.php\/product\/oreiller-ozren-perles-de-laine-flocons-latex-bio-60x40cm-moelleux\/#breadcrumb\"},\"inLanguage\":\"fr-FR\",\"potentialAction\":[{\"@type\":\"ReadAction\",\"target\":[\"https:\/\/www.tendance-ecolo-btob.fr\/index.php\/product\/oreiller-ozren-perles-de-laine-flocons-latex-bio-60x40cm-moelleux\/\"]}]},{\"@type\":\"ImageObject\",\"inLanguage\":\"fr-FR\",\"@id\":\"https:\/\/www.tendance-ecolo-btob.fr\/index.php\/product\/oreiller-ozren-perles-de-laine-flocons-latex-bio-60x40cm-moelleux\/#primaryimage\",\"url\":\"https:\/\/i0.wp.com\/www.tendance-ecolo-btob.fr\/wp-content\/uploads\/2025\/03\/10-ozren-side.jpg?fit=1800%2C1200&ssl=1\",\"contentUrl\":\"https:\/\/i0.wp.com\/www.tendance-ecolo-btob.fr\/wp-content\/uploads\/2025\/03\/10-ozren-side.jpg?fit=1800%2C1200&ssl=1\",\"width\":1800,\"height\":1200},{\"@type\":\"BreadcrumbList\",\"@id\":\"https:\/\/www.tendance-ecolo-btob.fr\/index.php\/product\/oreiller-ozren-perles-de-laine-flocons-latex-bio-60x40cm-moelleux\/#breadcrumb\",\"itemListElement\":[{\"@type\":\"ListItem\",\"position\":1,\"name\":\"Accueil\",\"item\":\"https:\/\/www.tendance-ecolo-btob.fr\/\"},{\"@type\":\"ListItem\",\"position\":2,\"name\":\"Boutique\",\"item\":\"https:\/\/www.tendance-ecolo-btob.fr\/index.php\/boutique\/\"},{\"@type\":\"ListItem\",\"position\":3,\"name\":\"Oreiller Ozren perles de laine\/flocons latex bio &#8211; 60x40cm &#8211; Moelleux\"}]},{\"@type\":\"WebSite\",\"@id\":\"https:\/\/www.tendance-ecolo-btob.fr\/#website\",\"url\":\"https:\/\/www.tendance-ecolo-btob.fr\/\",\"name\":\"Tendance Ecolo B2B\",\"description\":\"\",\"potentialAction\":[{\"@type\":\"SearchAction\",\"target\":{\"@type\":\"EntryPoint\",\"urlTemplate\":\"https:\/\/www.tendance-ecolo-btob.fr\/?s={search_term_string}\"},\"query-input\":{\"@type\":\"PropertyValueSpecification\",\"valueRequired\":true,\"valueName\":\"search_term_string\"}}],\"inLanguage\":\"fr-FR\"}]}<\/script>\n<!-- \/ Yoast SEO plugin. -->","yoast_head_json":{"title":"Oreiller Ozren perles de laine\/flocons latex bio - 60x40cm - Moelleux - Tendance Ecolo B2B","description":"Oreiller moelleux en perles de laine et flocons de latex 60x40cm. Site d\u00e9di\u00e9 aux professionnels.","robots":{"index":"index","follow":"follow","max-snippet":"max-snippet:-1","max-image-preview":"max-image-preview:large","max-video-preview":"max-video-preview:-1"},"canonical":"https:\/\/www.tendance-ecolo-btob.fr\/index.php\/product\/oreiller-ozren-perles-de-laine-flocons-latex-bio-60x40cm-moelleux\/","og_locale":"fr_FR","og_type":"article","og_title":"Oreiller Ozren perles de laine\/flocons latex bio - 60x40cm - Moelleux - Tendance Ecolo B2B","og_description":"Oreiller moelleux en perles de laine et flocons de latex 60x40cm. Site d\u00e9di\u00e9 aux professionnels.","og_url":"https:\/\/www.tendance-ecolo-btob.fr\/index.php\/product\/oreiller-ozren-perles-de-laine-flocons-latex-bio-60x40cm-moelleux\/","og_site_name":"Tendance Ecolo B2B","article_modified_time":"2025-10-07T13:58:05+00:00","og_image":[{"width":1800,"height":1200,"url":"https:\/\/www.tendance-ecolo-btob.fr\/wp-content\/uploads\/2025\/03\/10-ozren-side.jpg","type":"image\/jpeg"}],"twitter_card":"summary_large_image","twitter_misc":{"Dur\u00e9e de lecture estim\u00e9e":"1 minute"},"schema":{"@context":"https:\/\/schema.org","@graph":[{"@type":"WebPage","@id":"https:\/\/www.tendance-ecolo-btob.fr\/index.php\/product\/oreiller-ozren-perles-de-laine-flocons-latex-bio-60x40cm-moelleux\/","url":"https:\/\/www.tendance-ecolo-btob.fr\/index.php\/product\/oreiller-ozren-perles-de-laine-flocons-latex-bio-60x40cm-moelleux\/","name":"Oreiller Ozren perles de laine\/flocons latex bio - 60x40cm - Moelleux - Tendance Ecolo B2B","isPartOf":{"@id":"https:\/\/www.tendance-ecolo-btob.fr\/#website"},"primaryImageOfPage":{"@id":"https:\/\/www.tendance-ecolo-btob.fr\/index.php\/product\/oreiller-ozren-perles-de-laine-flocons-latex-bio-60x40cm-moelleux\/#primaryimage"},"image":{"@id":"https:\/\/www.tendance-ecolo-btob.fr\/index.php\/product\/oreiller-ozren-perles-de-laine-flocons-latex-bio-60x40cm-moelleux\/#primaryimage"},"thumbnailUrl":"https:\/\/i0.wp.com\/www.tendance-ecolo-btob.fr\/wp-content\/uploads\/2025\/03\/10-ozren-side.jpg?fit=1800%2C1200&ssl=1","datePublished":"2025-03-18T16:17:56+00:00","dateModified":"2025-10-07T13:58:05+00:00","description":"Oreiller moelleux en perles de laine et flocons de latex 60x40cm. Site d\u00e9di\u00e9 aux professionnels.","breadcrumb":{"@id":"https:\/\/www.tendance-ecolo-btob.fr\/index.php\/product\/oreiller-ozren-perles-de-laine-flocons-latex-bio-60x40cm-moelleux\/#breadcrumb"},"inLanguage":"fr-FR","potentialAction":[{"@type":"ReadAction","target":["https:\/\/www.tendance-ecolo-btob.fr\/index.php\/product\/oreiller-ozren-perles-de-laine-flocons-latex-bio-60x40cm-moelleux\/"]}]},{"@type":"ImageObject","inLanguage":"fr-FR","@id":"https:\/\/www.tendance-ecolo-btob.fr\/index.php\/product\/oreiller-ozren-perles-de-laine-flocons-latex-bio-60x40cm-moelleux\/#primaryimage","url":"https:\/\/i0.wp.com\/www.tendance-ecolo-btob.fr\/wp-content\/uploads\/2025\/03\/10-ozren-side.jpg?fit=1800%2C1200&ssl=1","contentUrl":"https:\/\/i0.wp.com\/www.tendance-ecolo-btob.fr\/wp-content\/uploads\/2025\/03\/10-ozren-side.jpg?fit=1800%2C1200&ssl=1","width":1800,"height":1200},{"@type":"BreadcrumbList","@id":"https:\/\/www.tendance-ecolo-btob.fr\/index.php\/product\/oreiller-ozren-perles-de-laine-flocons-latex-bio-60x40cm-moelleux\/#breadcrumb","itemListElement":[{"@type":"ListItem","position":1,"name":"Accueil","item":"https:\/\/www.tendance-ecolo-btob.fr\/"},{"@type":"ListItem","position":2,"name":"Boutique","item":"https:\/\/www.tendance-ecolo-btob.fr\/index.php\/boutique\/"},{"@type":"ListItem","position":3,"name":"Oreiller Ozren perles de laine\/flocons latex bio &#8211; 60x40cm &#8211; Moelleux"}]},{"@type":"WebSite","@id":"https:\/\/www.tendance-ecolo-btob.fr\/#website","url":"https:\/\/www.tendance-ecolo-btob.fr\/","name":"Tendance Ecolo B2B","description":"","potentialAction":[{"@type":"SearchAction","target":{"@type":"EntryPoint","urlTemplate":"https:\/\/www.tendance-ecolo-btob.fr\/?s={search_term_string}"},"query-input":{"@type":"PropertyValueSpecification","valueRequired":true,"valueName":"search_term_string"}}],"inLanguage":"fr-FR"}]}},"jetpack_sharing_enabled":true,"_links":{"self":[{"href":"https:\/\/www.tendance-ecolo-btob.fr\/index.php\/wp-json\/wp\/v2\/product\/927","targetHints":{"allow":["GET"]}}],"collection":[{"href":"https:\/\/www.tendance-ecolo-btob.fr\/index.php\/wp-json\/wp\/v2\/product"}],"about":[{"href":"https:\/\/www.tendance-ecolo-btob.fr\/index.php\/wp-json\/wp\/v2\/types\/product"}],"wp:featuredmedia":[{"embeddable":true,"href":"https:\/\/www.tendance-ecolo-btob.fr\/index.php\/wp-json\/wp\/v2\/media\/939"}],"wp:attachment":[{"href":"https:\/\/www.tendance-ecolo-btob.fr\/index.php\/wp-json\/wp\/v2\/media?parent=927"}],"wp:term":[{"taxonomy":"product_brand","embeddable":true,"href":"https:\/\/www.tendance-ecolo-btob.fr\/index.php\/wp-json\/wp\/v2\/product_brand?post=927"},{"taxonomy":"product_cat","embeddable":true,"href":"https:\/\/www.tendance-ecolo-btob.fr\/index.php\/wp-json\/wp\/v2\/product_cat?post=927"},{"taxonomy":"product_tag","embeddable":true,"href":"https:\/\/www.tendance-ecolo-btob.fr\/index.php\/wp-json\/wp\/v2\/product_tag?post=927"}],"curies":[{"name":"wp","href":"https:\/\/api.w.org\/{rel}","templated":true}]}}